{"id":17,"date":"2017-09-08T14:32:05","date_gmt":"2017-09-08T12:32:05","guid":{"rendered":"https:\/\/biokor.si\/?page_id=17"},"modified":"2019-10-30T12:47:35","modified_gmt":"2019-10-30T10:47:35","slug":"caji","status":"publish","type":"page","link":"https:\/\/www.biokor.si\/?page_id=17","title":{"rendered":"\u010caji"},"content":{"rendered":"<p><span class=\"xr_tl Light_Quote\">Vse \u010daje pridelamo sami na Biodinami\u010dni kmetiji \u010cernec po biodinami\u010dni metodi in so Demeter certificirani. Navodila <\/span><span class=\"xr_tl Light_Quote\">za pripravo najdete v katalogu. \u010caj, ki ga u\u017eivamo naj bo blag in sve\u017ee pripravljen.<\/span><\/p>\n<p><span style=\"font-size: 14px;\">modrosti na\u0161ih prednikov.<\/span><\/p>\n<table class=\"table table-hover\">\n<tbody>\n<tr>\n<td>\n<table class=\"table table-hover\">\n<tbody>\n<tr>\n<td><img decoding=\"async\" loading=\"lazy\" class=\"alignnone size-medium wp-image-116\" src=\"https:\/\/www.biokor.si\/wp-content\/uploads\/2017\/09\/351-300x216.jpg\" alt=\"\" width=\"300\" height=\"216\" srcset=\"https:\/\/www.biokor.si\/wp-content\/uploads\/2017\/09\/351-300x216.jpg 300w, https:\/\/www.biokor.si\/wp-content\/uploads\/2017\/09\/351.jpg 320w\" sizes=\"(max-width: 300px) 100vw, 300px\" \/><\/td>\n<td><img decoding=\"async\" loading=\"lazy\" class=\"alignnone size-medium wp-image-117\" src=\"https:\/\/www.biokor.si\/wp-content\/uploads\/2017\/09\/353-300x216.jpg\" alt=\"\" width=\"300\" height=\"216\" srcset=\"https:\/\/www.biokor.si\/wp-content\/uploads\/2017\/09\/353-300x216.jpg 300w, https:\/\/www.biokor.si\/wp-content\/uploads\/2017\/09\/353.jpg 320w\" sizes=\"(max-width: 300px) 100vw, 300px\" \/><\/td>\n<td><img decoding=\"async\" loading=\"lazy\" class=\"alignnone size-medium wp-image-115\" src=\"https:\/\/www.biokor.si\/wp-content\/uploads\/2017\/09\/349-300x216.jpg\" alt=\"\" width=\"300\" height=\"216\" srcset=\"https:\/\/www.biokor.si\/wp-content\/uploads\/2017\/09\/349-300x216.jpg 300w, https:\/\/www.biokor.si\/wp-content\/uploads\/2017\/09\/349.jpg 320w\" sizes=\"(max-width: 300px) 100vw, 300px\" \/><\/td>\n<\/tr>\n<tr>\n<td style=\"text-align: center;\">KOPRIVA<\/td>\n<td style=\"text-align: center;\">MELISA<\/td>\n<td style=\"text-align: center;\">\u00a0KAMILICA<\/td>\n<\/tr>\n<tr>\n<td>\u00a0<img decoding=\"async\" loading=\"lazy\" class=\"alignnone size-medium wp-image-113\" src=\"https:\/\/www.biokor.si\/wp-content\/uploads\/2017\/09\/345-300x217.jpg\" alt=\"\" width=\"300\" height=\"217\" srcset=\"https:\/\/www.biokor.si\/wp-content\/uploads\/2017\/09\/345-300x217.jpg 300w, https:\/\/www.biokor.si\/wp-content\/uploads\/2017\/09\/345.jpg 320w\" sizes=\"(max-width: 300px) 100vw, 300px\" \/><\/td>\n<td>\u00a0<img decoding=\"async\" loading=\"lazy\" class=\"alignnone size-medium wp-image-111\" src=\"https:\/\/www.biokor.si\/wp-content\/uploads\/2017\/09\/341-300x216.jpg\" alt=\"\" width=\"300\" height=\"216\" srcset=\"https:\/\/www.biokor.si\/wp-content\/uploads\/2017\/09\/341-300x216.jpg 300w, https:\/\/www.biokor.si\/wp-content\/uploads\/2017\/09\/341.jpg 320w\" sizes=\"(max-width: 300px) 100vw, 300px\" \/><\/td>\n<td>\u00a0<img decoding=\"async\" loading=\"lazy\" class=\"alignnone size-medium wp-image-112\" src=\"https:\/\/www.biokor.si\/wp-content\/uploads\/2017\/09\/343-300x216.jpg\" alt=\"\" width=\"300\" height=\"216\" srcset=\"https:\/\/www.biokor.si\/wp-content\/uploads\/2017\/09\/343-300x216.jpg 300w, https:\/\/www.biokor.si\/wp-content\/uploads\/2017\/09\/343.jpg 320w\" sizes=\"(max-width: 300px) 100vw, 300px\" \/><\/td>\n<\/tr>\n<tr>\n<td style=\"text-align: center;\">\u00a0META OBLOLISTNA<\/td>\n<td style=\"text-align: center;\">\u00a0NAVADNI RMAN<\/td>\n<td style=\"text-align: center;\">\u00a0NJIVSKA PRESLICA<\/td>\n<\/tr>\n<tr>\n<td>\u00a0<img decoding=\"async\" loading=\"lazy\" class=\"alignnone size-medium wp-image-108\" src=\"https:\/\/www.biokor.si\/wp-content\/uploads\/2017\/09\/335-300x216.jpg\" alt=\"\" width=\"300\" height=\"216\" srcset=\"https:\/\/www.biokor.si\/wp-content\/uploads\/2017\/09\/335-300x216.jpg 300w, https:\/\/www.biokor.si\/wp-content\/uploads\/2017\/09\/335.jpg 320w\" sizes=\"(max-width: 300px) 100vw, 300px\" \/><\/td>\n<td>\u00a0<img decoding=\"async\" loading=\"lazy\" class=\"alignnone size-medium wp-image-110\" src=\"https:\/\/www.biokor.si\/wp-content\/uploads\/2017\/09\/339-300x217.jpg\" alt=\"\" width=\"300\" height=\"217\" srcset=\"https:\/\/www.biokor.si\/wp-content\/uploads\/2017\/09\/339-300x217.jpg 300w, https:\/\/www.biokor.si\/wp-content\/uploads\/2017\/09\/339.jpg 320w\" sizes=\"(max-width: 300px) 100vw, 300px\" \/><\/td>\n<td>\u00a0<img decoding=\"async\" loading=\"lazy\" class=\"alignnone size-medium wp-image-109\" src=\"https:\/\/www.biokor.si\/wp-content\/uploads\/2017\/09\/337-300x216.jpg\" alt=\"\" width=\"300\" height=\"216\" srcset=\"https:\/\/www.biokor.si\/wp-content\/uploads\/2017\/09\/337-300x216.jpg 300w, https:\/\/www.biokor.si\/wp-content\/uploads\/2017\/09\/337.jpg 320w\" sizes=\"(max-width: 300px) 100vw, 300px\" \/><\/td>\n<\/tr>\n<tr>\n<td style=\"text-align: center;\">\u00a0AJDA<\/td>\n<td style=\"text-align: center;\">\u00a0HRASTOVO LUBJE<\/td>\n<td style=\"text-align: center;\">\u00a0BREZOVO LISTJE<\/td>\n<\/tr>\n<\/tbody>\n<\/table>\n<\/td>\n<\/tr>\n<\/tbody>\n<\/table>\n<div id=\"attachment_114\" style=\"width: 310px\" class=\"wp-caption alignleft\"><img aria-describedby=\"caption-attachment-114\" decoding=\"async\" loading=\"lazy\" class=\"wp-image-114 size-medium\" src=\"https:\/\/www.biokor.si\/wp-content\/uploads\/2017\/09\/347-300x244.jpg\" alt=\"\" width=\"300\" height=\"244\" srcset=\"https:\/\/www.biokor.si\/wp-content\/uploads\/2017\/09\/347-300x244.jpg 300w, https:\/\/www.biokor.si\/wp-content\/uploads\/2017\/09\/347.jpg 681w\" sizes=\"(max-width: 300px) 100vw, 300px\" \/><p id=\"caption-attachment-114\" class=\"wp-caption-text\">FI\u017dOLOVE LU\u0160\u010cINE Priporo\u010damo vam, da polno pest fi\u017eolovih lu\u0161\u010din na pol skuhate v pol litra vode. \u010caj pijte zjutraj in zve\u010der. Zopet odkrivamo \u017ee skoraj pozabljene<\/p><\/div>\n","protected":false},"excerpt":{"rendered":"<p>Vse \u010daje pridelamo sami na Biodinami\u010dni kmetiji \u010cernec po biodinami\u010dni metodi in so Demeter certificirani. Navodila za pripravo najdete v katalogu. \u010caj, ki ga u\u017eivamo naj bo blag in sve\u017ee pripravljen. modrosti na\u0161ih prednikov. KOPRIVA MELISA \u00a0KAMILICA \u00a0 \u00a0 \u00a0 \u00a0META OBLOLISTNA \u00a0NAVADNI RMAN \u00a0NJIVSKA PRESLICA \u00a0 \u00a0 \u00a0 \u00a0AJDA \u00a0HRASTOVO LUBJE \u00a0BREZOVO LISTJE<\/p>\n","protected":false},"author":1,"featured_media":6,"parent":0,"menu_order":0,"comment_status":"closed","ping_status":"closed","template":"page-fullwidth.php","meta":[],"_links":{"self":[{"href":"https:\/\/www.biokor.si\/index.php?rest_route=\/wp\/v2\/pages\/17"}],"collection":[{"href":"https:\/\/www.biokor.si\/index.php?rest_route=\/wp\/v2\/pages"}],"about":[{"href":"https:\/\/www.biokor.si\/index.php?rest_route=\/wp\/v2\/types\/page"}],"author":[{"embeddable":true,"href":"https:\/\/www.biokor.si\/index.php?rest_route=\/wp\/v2\/users\/1"}],"replies":[{"embeddable":true,"href":"https:\/\/www.biokor.si\/index.php?rest_route=%2Fwp%2Fv2%2Fcomments&post=17"}],"version-history":[{"count":11,"href":"https:\/\/www.biokor.si\/index.php?rest_route=\/wp\/v2\/pages\/17\/revisions"}],"predecessor-version":[{"id":146,"href":"https:\/\/www.biokor.si\/index.php?rest_route=\/wp\/v2\/pages\/17\/revisions\/146"}],"wp:featuredmedia":[{"embeddable":true,"href":"https:\/\/www.biokor.si\/index.php?rest_route=\/wp\/v2\/media\/6"}],"wp:attachment":[{"href":"https:\/\/www.biokor.si\/index.php?rest_route=%2Fwp%2Fv2%2Fmedia&parent=17"}],"curies":[{"name":"wp","href":"https:\/\/api.w.org\/{rel}","templated":true}]}}